
False
Is 13 a factor of 4004?
True
Is 28 a factor of 28?
True
Is 1591 a multiple of 2?
False
Is 11799 a multiple of 12?
False
Is 21 a factor of 4200?
True
Does 54 divide 7405?
False
Is 3 a factor of 278?
False
Is 9 a factor of 3971?
False
Is 19 a factor of 3021?
True
Is 902 a multiple of 27?
False
Is 30 a factor of 1140?
True
Is 5810 a multiple of 7?
True
Is 3063 a multiple of 66?
False
Does 13 divide 3107?
True
Is 23 a factor of 30222?
True
Does 4 divide 554?
False
Is 153 a factor of 7862?
False
Is 100 a factor of 16423?
False
Does 3 divide 12187?
False
Is 120 a multiple of 4?
True
Does 13 divide 702?
True
Does 16 divide 119646?
False
Is 12 a factor of 22880?
False
Is 30 a factor of 17770?
False
Does 7 divide 147?
True
Is 4556 a multiple of 34?
True
Is 288 a multiple of 8?
True
Does 8 divide 1295?
False
Does 16 divide 208?
True
Is 164 a factor of 5412?
True
Is 19 a factor of 888?
False
Does 136 divide 23720?
False
Is 18267 a multiple of 2?
False
Does 280 divide 4480?
True
Is 870 a multiple of 15?
True
Is 4007 a multiple of 73?
False
Is 10 a factor of 5130?
True
Does 60 divide 240?
True
Is 4291 a multiple of 23?
False
Is 13727 a multiple of 37?
True
Is 32 a factor of 1216?
True
Is 117 a multiple of 4?
False
Is 652 a multiple of 6?
False
Is 34 even?
True
Is 11 a factor of 22?
True
Is 443 a multiple of 4?
False
Does 25 divide 775?
True
Does 40 divide 1320?
True
Is 858 a multiple of 13?
True
Does 13 divide 82?
False
Is 1983 a multiple of 15?
False
Is 9 a factor of 18108?
True
Is 120 a multiple of 8?
True
Is 1430 a multiple of 18?
False
Is 2555 a multiple of 14?
False
Is 89420 a multiple of 85?
True
Does 6 divide 798?
True
Is 115 a multiple of 5?
True
Is 98 a multiple of 19?
False
Is 12103 a multiple of 13?
True
Is 36 a factor of 12714?
False
Is 65 a factor of 739?
False
Does 6 divide 2094?
True
Is 5 a factor of 3088?
False
Is 1452 a multiple of 8?
False
Is 36785 a multiple of 18?
False
Is 770 a multiple of 11?
True
Is 6336 a multiple of 32?
True
Is 36 a factor of 32616?
True
Is 930 a multiple of 5?
True
Does 12 divide 323?
False
Is 2860 a multiple of 23?
False
Is 912 a multiple of 19?
True
Is 2402 a multiple of 3?
False
Is 3124 a multiple of 14?
False
Is 31 a factor of 27938?
False
Is 128 a multiple of 2?
True
Is 19 a factor of 18544?
True
Is 744 a multiple of 24?
True
Does 81 divide 162?
True
Is 24 a factor of 871?
False
Does 34 divide 7105?
False
Is 34 a factor of 11115?
False
Does 233 divide 11549?
False
Is 1212 a multiple of 101?
True
Does 126 divide 3906?
True
Does 22 divide 2897?
False
Is 23031 a multiple of 79?
False
Does 66 divide 3102?
True
Is 71 a multiple of 6?
False
Is 1610 a multiple of 46?
True
Is 1454 a multiple of 6?
False
Is 11544 a multiple of 74?
True
Is 41 a multiple of 13?
False
Is 29683 a multiple of 95?
False
Does 14 divide 1930?
False
Is 25 a factor of 1225?
True
Is 3212 a multiple of 11?
True
Is 6280 a multiple of 78?
False
Is 1537 a multiple of 5?
False
Is 1857 a multiple of 9?
False
Is 2 a factor of 31?
False
Does 192 divide 4224?
True
Is 673 a multiple of 6?
False
Is 545 a multiple of 108?
False
Is 158 a factor of 73628?
True
Is 1199 a multiple of 11?
True
Does 3 divide 3137?
False
Is 1491 a multiple of 86?
False
Does 3 divide 717?
True
Does 94 divide 331?
False
Does 17 divide 1768?
True
Is 2220 a multiple of 10?
True
Is 660 a multiple of 11?
True
Is 21 a factor of 1773?
False
Is 816 a multiple of 8?
True
Does 80 divide 4000?
True
Is 2 a factor of 601?
False
Is 13 a factor of 89903?
False
Is 5 a factor of 276?
False
Is 31 a factor of 35040?
False
Is 20 a factor of 2760?
True
Is 8 a factor of 811?
False
Is 480 a multiple of 15?
True
Does 91 divide 22756?
False
Is 71756 a multiple of 148?
False
Is 5271 a multiple of 7?
True
Does 77 divide 17553?
False
Does 5 divide 755?
True
Is 229 a multiple of 10?
False
Is 70252 a multiple of 52?
True
Is 36 a factor of 25524?
True
Does 10 divide 5730?
True
Is 15 a factor of 1890?
True
Does 12 divide 156?
True
Is 22 a factor of 11956?
False
Is 21761 a multiple of 50?
False
Is 42 a factor of 4200?
True
Is 270 a multiple of 54?
True
Is 30456 a multiple of 27?
True
Is 145 a multiple of 17?
False
Is 36 a factor of 684?
True
Is 14 a factor of 3402?
True
Is 10744 a multiple of 34?
True
Is 325 a multiple of 5?
True
Is 53 a factor of 5177?
False
Is 20 a factor of 3812?
False
Is 1380 a multiple of 55?
False
Is 3950 a multiple of 37?
False
Is 8981 a multiple of 54?
False
Is 2520 a multiple of 60?
True
Is 165 a factor of 97350?
True
Is 26112 a multiple of 96?
True
Does 2 divide 530?
True
Is 3591 a multiple of 133?
True
Is 4044 a multiple of 4?
True
Is 10792 a multiple of 38?
True
Does 11 divide 1366?
False
Is 43 a factor of 3784?
True
Does 39 divide 7412?
False
Does 18 divide 25362?
True
Is 132 a factor of 10428?
True
Does 50 divide 5535?
False
Does 17 divide 1547?
True
Is 15 a factor of 2550?
True
Is 28 a factor of 616?
True
Is 26016 a multiple of 16?
True
Is 5400 a multiple of 18?
True
Is 41 a factor of 16072?
True
Does 39 divide 819?
True
Is 11 a factor of 2019?
False
Is 39 a factor of 351?
True
Does 12 divide 596?
False
Does 50 divide 35276?
False
Does 6 divide 50609?
False
Does 34 divide 141?
False
Does 14 divide 1950?
False
Is 16 a factor of 800?
True
Is 6 a factor of 768?
True
Is 57 a multiple of 19?
True
Is 88 a factor of 1571?
False
Is 385 a multiple of 11?
True
Is 6 a factor of 124?
False
Does 17 divide 42154?
False
Does 129 divide 22097?
False
Is 20083 a multiple of 7?
True
Is 151591 a multiple of 95?
False
Is 4384 a multiple of 60?
False
Is 34979 a multiple of 11?
False
Is 967 a multiple of 4?
False
Is 11 a factor of 10590?
False
Is 97 a factor of 12998?
True
Does 65 divide 9035?
True
Is 162 a multiple of 54?
True
Is 21 a factor of 73319?
False
Is 832 a multiple of 16?
True
Does 2 divide 272?
True
Does 41 divide 433?
False
Does 14 divide 2109?
False
Is 4628 a multiple of 52?
True
Is 38 a factor of 14136?
True
Does 9 divide 963?
True
Is 5705 a multiple of 44?
False
Is 11 a factor of 18249?
True
Does 34 divide 1530?
True
Does 179 divide 5222?
False
Is 20522 a multiple of 331?
True
Is 161 a multiple of 7?
True
Is 169 a factor of 24336?
True
Is 12 a factor of 21945?
False
Does 3 divide 681?
True
Is 10420 a multiple of 10?
True
Is 1609 even?
False
Is 23 a factor of 8973?
False
Is 36 a factor of 91476?
True
Is 13 a factor of 4099?
False
Is 10981 a multiple of 139?
True
Is 6815 a multiple of 4?
False
Is 13276 a multiple of 221?
False
Is 5264 a multiple of 39?
False
Does 3 divide 31?
False
Is 8 a factor of 818?
False
Is 50 a factor of 80?
False
Does 23 divide 119?
False
Is 690 a multiple of 23?
True
Does 18 divide 767?
False
Is 29 a factor of 1450?
True
Is 24 a factor of 1195?
False
Is 3 a factor of 1263?
True
Does 12 divide 660?
True
Is 918 a multiple of 9?
True
Is 63 a multiple of 7?
True
Does 29 divide 535?
False
Does 12 divide 216?
True
Is 44 a multiple of 20?
False
Does 28 divide 607?
False
Is 111 a factor of 57387?
True
Does 6 divide 2077?
False
Does 3 divide 731?
False
Is 29 a factor of 348?
True
Is 10 a factor of 21070?
True
Does 13 divide 1657?
False
Is 7568 a multiple of 91?
False
Is 191 a factor of 13305?
False
Is 4 a factor of 29970?
False
Is 9 a factor of 1278?
True
Is 230 even?
True
Is 14 a factor of 12844?
False
Is 76 a factor of 4041?
False
Is 14 a factor of 2644?
False
Is 14018 a multiple of 5?
False
Is 50 a multiple of 4?
False
Does 188 divide 12789?
False
Does 22 divide 902?
True
Is 362 a multiple of 30?
False
Is 792 a multiple of 2?
True
Is 17217 a multiple of 7?
False
Is 155 a factor of 77810?
True
Does 400 divide 51200?
True
Is 21 a factor of 1749?
False
Is 65 a factor of 2833?
False
Is 2419 a multiple of 27?
False
Does 28 divide 16251?
False
Is 46 a factor of 528?
False
Is 9669 a multiple of 26?
False
Is 1650 a multiple of 55?
True
Is 372 a multiple of 12?
True
Is 18 a factor of 2664?
True
Is 2813 a multiple of 13?
False
Is 2775 a multiple of 25?
True
Does 9 divide 8029?
False
Is 59 a multiple of 12?
False
Is 74 a factor of 41884?
True
Is 4290 a multiple of 29?
False
Is 266 a factor of 28994?
True
Is 34 a factor of 952?
True
Is 285 a multiple of 15?
True
Is 5 a factor of 235?
True
Is 7054 a multiple of 89?
False
Does 234 divide 28777?
False
Is 16928 a multiple of 3